= -521, 0*p + 6 = -3*p. Calculate the greatest common divisor of h and l.
7
Let n(u) = -u**2 - 24*u + 34. Let o(d) = -2*d**2 + 33*d + 72. Let j be o(19). Let q be n(j). What is the highest common divisor of 114 and q?
57
Suppose -2421*l + 2422*l = -2*b + 4766, 4*l - 2376 = -b. What is the greatest common divisor of b and 24?
8
Let m = 2246 - 2002. Calculate the highest common divisor of 32 and m.
4
Let l(z) = -z + 50. Let a be l(0). Let w be (-4 - 45/9)*(-4 - 1). Let d(j) = -2*j**2 + 92*j - 15. Let h be d(w). What is the greatest common factor of h and a?
25
Suppose -3*f = -2*k + 210, -35*f + 31*f + 83 = k. What is the highest common divisor of 90 and k?
9
Let l be (4/6)/(184/36 - 5). Suppose 4*w + l = -0*m + 2*m, -5*w = 4*m - 38. Suppose -m*o + 3*o = -44. Calculate the highest common factor of 55 and o.
11
Suppose 192 = 5*n - n. Let y(f) = f**3 + 57*f**2 + 780*f - 32. Let b be y(-34). What is the highest common divisor of b and n?
12
Suppose 63 = -j + 5*z + 353, -4*j + 1016 = 4*z. What is the greatest common factor of 4615 and j?
65
Let i(w) = 2*w**2 - 35*w - 852. Let d be i(-14). Let s be (-1)/(1 + (-241)/240). Calculate the greatest common factor of d and s.
30
Let n(p) be the second derivative of -p**5/20 + 19*p**4/12 - p**3/6 + 11*p**2 - 72*p. Let m be n(18). Calculate the highest common factor of m and 41.
41
Let x(y) = 9*y**2 + 5 - 11*y - y**3 + 0 + 0*y**3 - 2. Let a be x(8). Let i be (-4)/8*6*a. What is the highest common divisor of i and 7?
7
Suppose -11638*r + 14 = -11649*r + 465. Let g = -72 + 113. Calculate the greatest common divisor of g and r.
41
Let j = 198 + 13. Let z = -152 + j. What is the greatest common factor of 1 and z?
1
Suppose 3*u + 3*y = 33, 2*y = u + 4*y - 13. Suppose 4*s - 92 = i - 5*i, -2*s = -i + 44. What is the highest common factor of u and i?
3
Suppose 0 = 3*k + 12 + 6. Let q = 22 + k. Let g = 1204 - 1092. What is the highest common factor of q and g?
16
Let z be (-14 - -5)*(-1)/3*14. Let g(r) = -2 + 5 + 5*r**2 + 43*r - z*r. Let v be g(2). Calculate the greatest common factor of v and 25.
25
Let q = -563 + -23. Let r = q - -610. What is the highest common factor of r and 648?
24
Suppose -z + 4*z = 24. Suppose a + u + 1 = 0, -3*u = -z*u - 15. Suppose 4*f - 3*r = 99 - 68, 5*r = -4*f - 9. What is the greatest common factor of a and f?
2
Suppose 41 = g - a - 42, -351 = -5*g - 3*a. What is the greatest common factor of g and 9780?
15
Let c = -3616 + 3976. Calculate the highest common factor of c and 405.
45
Let p be (-46)/8*12/(-3). Suppose y + 4*y + 3*x = 4, x = -y. Let c be 759/(-2)*y/(-3). Calculate the greatest common factor of c and p.
23
Suppose -12*i = -27*i + 14*i. Suppose 4*f - 2*l - 2696 = i, -23*f + 28*f = -l + 3377. What is the greatest common divisor of 25 and f?
25
Suppose -5*f + 46 = -2*y, 0 = -4*f + y - 335 + 373. What is the greatest common factor of 1270 and f?
10
Let v = -739 - -1145. Let z = -214 + v. Calculate the highest common divisor of z and 12.
12
Let v = -1646 - -2581. Calculate the highest common factor of 425 and v.
85
Let f be (-2)/(-2 + 0)*(28 + -7). Suppose -17*g + f*g - 4 = 0. What is the highest common factor of 1 and g?
1
Let h be (-882)/49*(-1 + (-2 - 2)). Let f be 2*16/(-24)*(-150)/4. What is the highest common factor of f and h?
10
Let b be 2/2*(22 + (-5 - -2)). Let f = 39 - b. Calculate the greatest common divisor of 4 and f.
4
Let n(o) = -5*o + 102. Let t = 117 - 99. Let d be n(t). What is the highest common factor of d and 180?
12
Let w = -14913 + 15053. Calculate the greatest common divisor of w and 175.
35
Let p(y) = y**3 - 16*y**2 + 14*y + 19. Let v be p(15). Suppose 2*g - 210 = -v*o, 4*o - 8*g + 4*g = 180. What is the greatest common factor of o and 25?
25
Let f be 2/(-6) - (90 + -29)*97/(-3). Calculate the greatest common divisor of f and 116.
116
Let x be (0 + -5)/((-13)/(-14 + 27)) + 23. Calculate the greatest common divisor of x and 112.
28
Let g(h) = 28*h + 406. Let b be g(-13). Let q be (-7)/(b/(-24)) + 136. What is the highest common divisor of 42 and q?
14
Let l(u) = -17*u**2 - 13*u + 12. Let d be l(1). Let j = 22 - d. What is the highest common factor of 16 and j?
8
Let s(q) be the second derivative of q**3/3 - 14*q**2 + 12*q. Let u be s(18). Suppose -b - u = -5*b. Calculate the greatest common divisor of 5 and b.
1
Let f = -6 - -329. What is the highest common divisor of 703 and f?
19
Suppose 53*a = 37*a + 8704. Suppose -24*g = -1096 + 328. Calculate the greatest common factor of g and a.
32
Suppose 4*f + 4*i + 16 = 0, -4*f - 27 = -i - 31. Let n be f + 1 - (5 - 84 - 0). What is the greatest common divisor of n and 280?
40
Suppose -2*j = -4*k + 1074, -2*j + 4*k + 555 = -3*j. Let d = -533 - j. What is the greatest common divisor of d and 500?
10
Suppose 288*o - 809 = 631. What is the highest common factor of o and 505?
5
Suppose -5508360 = -73*s - 213*s - 0*s. Calculate the greatest common factor of 107 and s.
107
Let r(m) = -m**3 - 11*m**2 - 22*m - 5. Let g be r(-8). Let d be 15 + g - (-8)/1. What is the greatest common factor of d and 29?
1
Suppose 9*f - 154 = -2*f. Let o be -5 - ((-4 - -2) + 2). Let m be 7/(-6)*-3*(-1 - o). Calculate the greatest common factor of f and m.
14
Let k(y) = y**3 + 17*y**2 - 219*y - 84. Let o be k(-14). What is the greatest common factor of o and 306?
102
Let p be (-71 - -68)/((-1)/2). Calculate the greatest common factor of 1038 and p.
6
Suppose 3*i - 14 = 17*i. Let m be 14 + 75 - 2*i. Suppose -89*n + m*n = 52. What is the highest common factor of 286 and n?
26
Let a = 407 - 395. Let x = -315 - -330. What is the greatest common factor of x and a?
3
Suppose 102 = -2*a - 302. Let s be 24/72 - a/6. What is the greatest common factor of s and 1054?
34
Suppose 0*q + 2*q - 36 = -2*h, -3*q = -9. Let i = 53 - h. Suppose -j + 4*n + 210 = 0, 0*j + 2*n + 200 = j. What is the greatest common factor of i and j?
38
Let c be 43 - 49 - (-2)/((-6)/(-11865)). Calculate the greatest common divisor of c and 33.
11
Suppose -2*c + 0*c + 530 = -4*m, -c = 2*m - 281. Let n = c - 249. What is the greatest common divisor of n and 192?
24
Let w be 8/(-1 + -7)*0 + 13. Let v = 37 + -35. Calculate the highest common factor of w and v.
1
Let m(r) = 138*r**2 - 3*r - 1. Let i be m(-1). Calculate the greatest common divisor of 224 and i.
28
Let q(k) = -15*k - 544. Let r be q(-51). Let z(l) = 25*l**3 + 2*l - 1. Let s be z(1). Calculate the highest common divisor of r and s.
13
Let c be ((-26472)/(-168) - -11)/(2/70). What is the highest common divisor of c and 200?
100
Suppose 8*r + 48 = 0, -5 = -u - r - 1. What is the highest common divisor of u and 4530?
10
Suppose -1060*h + 1073*h - 286 = 0. Calculate the greatest common factor of 1221 and h.
11
Let d(n) = -3*n**2 + 15*n - 8. Let o(c) = -c**2 + 3*c - 1. Let m(j) = d(j) - 6*o(j). Let t be m(6). What is the greatest common factor of 16 and t?
8
Let a = 10 - 7. Let k be -14*(-4)/a*132/32. Suppose -3*h - 55 = -5*r - h, k = 4*r + 5*h. What is the highest common divisor of r and 65?
13
Let o = 40 + -18. Suppose 0 = 3*i + 5*k - 43, -3*i + 12 = -4*k - 13. What is the greatest common divisor of i and o?
11
Let r(c) = c**3 - 9*c**2 + 20*c - 116. Let p be r(12). Let a = p - 544. Calculate the greatest common divisor of 102 and a.
6
Let b(s) be the third derivative of -11*s**4/24 - 28*s**3/3 + 16*s**2 + 2. Let o be b(-11). Calculate the greatest common factor of o and 20.
5
Let q = -5083 + 5188. Calculate the greatest common factor of 3220 and q.
35
Let i(x) = 2*x**2 - 7*x - 7. Let t be i(4). Let y(a) = -3*a**3 - 3*a**2 + 5*a + 16. Let b be y(t). Calculate the greatest common factor of b and 220.
55
Let j = 38147 - 35548. Calculate the highest common factor of 23 and j.
23
Let z = -27 - -181. Suppose -1546*r - 220 = -1551*r. What is the greatest common factor of z and r?
22
Let d be 1930 - (1*6 + 82 + -90). What is the greatest common factor of d and 182?
14
Suppose r + 328 = 3*x, -2*x + 4*x = -3*r + 204. Let c be (67/2)/((-2)/4). Let w = c + 94. What is the greatest common divisor of w and x?
27
Let j = 21807 - 21457. What is the highest common factor of j and 1850?
50
Suppose 0 = 16*l - 33 - 7695. Calculate the highest common divisor of l and 138.
69
Suppose -3 + 8 = a. Let s = 261 + -71. Let v be s/40 - ((-6)/(-8) - 1